{"id":264,"date":"2026-04-17T19:36:37","date_gmt":"2026-04-17T19:36:37","guid":{"rendered":"https:\/\/xn--imeiellenrzs-leb76l.hu\/?post_type=product&#038;p=264"},"modified":"2026-04-17T19:36:37","modified_gmt":"2026-04-17T19:36:37","slug":"apple-hint-service-icloud-apple-id-reszleges-email-megjelenites","status":"publish","type":"product","link":"https:\/\/xn--imeiellenrzs-leb76l.hu\/?product=apple-hint-service-icloud-apple-id-reszleges-email-megjelenites","title":{"rendered":"Apple Hint Service \u2013 iCloud Apple ID r\u00e9szleges email megjelen\u00edt\u00e9s"},"content":{"rendered":"<div style=\"font-size: 14pt; line-height: 1.7;\">\n<h1>Apple Hint Service \u2013 iCloud Apple ID r\u00e9szleges email ellen\u0151rz\u00e9s<\/h1>\n<p>Az <strong>Apple Hint Service<\/strong> seg\u00edts\u00e9g\u00e9vel megtudhatod,<br \/>\nhogy az iPhone vagy m\u00e1s Apple k\u00e9sz\u00fcl\u00e9k <strong>milyen iCloud fi\u00f3khoz tartozik<\/strong> \u2013 r\u00e9szlegesen megjelen\u00edtett form\u00e1ban.<\/p>\n<p>Ez az ellen\u0151rz\u00e9s k\u00fcl\u00f6n\u00f6sen hasznos,<br \/>\nha a k\u00e9sz\u00fcl\u00e9khez tartoz\u00f3 Apple ID nem ismert,<br \/>\nde sz\u00fcks\u00e9g van n\u00e9mi inform\u00e1ci\u00f3ra a beazonos\u00edt\u00e1shoz.<\/p>\n<h2>Mit jelent az Apple ID Hint?<\/h2>\n<p>A szolg\u00e1ltat\u00e1s egy r\u00e9szlegesen kitakart email c\u00edmet jelen\u00edt meg,<br \/>\namely az iCloud fi\u00f3khoz tartozik.<\/p>\n<p>P\u00e9lda:<\/p>\n<ul>\n<li><strong>t****@gmail.com<\/strong><\/li>\n<li><strong>n*****@icloud.com<\/strong><\/li>\n<\/ul>\n<p>Ez seg\u00edthet felismerni,<br \/>\nhogy kihez tartozhat a k\u00e9sz\u00fcl\u00e9k.<\/p>\n<h2>Milyen adatokat kapsz?<\/h2>\n<ul>\n<li><strong>Apple ID email r\u00e9szlete (kitakarva)<\/strong><\/li>\n<li><strong>iCloud st\u00e1tusz inform\u00e1ci\u00f3<\/strong><\/li>\n<li><strong>Alap k\u00e9sz\u00fcl\u00e9k adatok<\/strong> (modell, IMEI, sorozatsz\u00e1m)<\/li>\n<\/ul>\n<h2>Mikor hasznos ez az ellen\u0151rz\u00e9s?<\/h2>\n<ul>\n<li>Ha nem ismert az Apple ID<\/li>\n<li>Ha a k\u00e9sz\u00fcl\u00e9k iCloudhoz van k\u00f6tve<\/li>\n<li>Ha szeretn\u00e9d beazonos\u00edtani a tulajdonost<\/li>\n<li>Haszn\u00e1lt k\u00e9sz\u00fcl\u00e9k v\u00e1s\u00e1rl\u00e1sa el\u0151tt<\/li>\n<\/ul>\n<h2>Milyen eszk\u00f6z\u00f6k t\u00e1mogatottak?<\/h2>\n<ul>\n<li>iPhone (WiFi \u00e9s Cellular)<\/li>\n<li>iPad<\/li>\n<li>Apple Watch<\/li>\n<li>Apple TV<\/li>\n<\/ul>\n<h2>Hogyan m\u0171k\u00f6dik?<\/h2>\n<ol>\n<li>Cellular k\u00e9sz\u00fcl\u00e9k eset\u00e9n add meg az <strong>IMEI sz\u00e1mot<\/strong><\/li>\n<li>WiFi eszk\u00f6z eset\u00e9n add meg a <strong>sorozatsz\u00e1mot<\/strong><\/li>\n<li>Ind\u00edtsd el az ellen\u0151rz\u00e9st<\/li>\n<li>Megjelenik a <strong>r\u00e9szlegesen kitakart Apple ID<\/strong><\/li>\n<\/ol>\n<div style=\"border: 1px solid #ffcccc; padding: 14px; border-radius: 10px; background: #fff5f5; margin-top: 14px;\">\n<p style=\"margin: 0;\"><strong>Fontos:<\/strong><br \/>\nNem minden k\u00e9sz\u00fcl\u00e9k eset\u00e9n \u00e9rhet\u0151 el Apple ID inform\u00e1ci\u00f3.<\/p>\n<p>Ha a k\u00e9sz\u00fcl\u00e9k t\u00f6r\u00f6lt, feloldott vagy nem t\u00e1mogatott,<br \/>\nel\u0151fordulhat, hogy nem jelenik meg tal\u00e1lat.<\/p>\n<\/div>\n<h2>Mit jelent a gyakorlatban?<\/h2>\n<p>Ez az ellen\u0151rz\u00e9s nem ad teljes hozz\u00e1f\u00e9r\u00e9st az Apple ID-hoz,<br \/>\nde seg\u00edthet eld\u00f6nteni,<br \/>\nhogy a k\u00e9sz\u00fcl\u00e9k <strong>ismer\u0151s fi\u00f3khoz tartozik-e<\/strong>,<br \/>\nvagy teljesen ismeretlen.<\/p>\n<p style=\"font-size: 13px; color: #666; margin-top: 12px;\">Megjegyz\u00e9s: Az el\u00e9rhet\u0151 adatok k\u00e9sz\u00fcl\u00e9kt\u00edpust\u00f3l \u00e9s \u00e1llapott\u00f3l f\u00fcgg\u0151en elt\u00e9rhetnek.<\/p>\n<\/div>\n","protected":false},"excerpt":{"rendered":"<p>Apple Hint Service \u2013 iCloud Apple ID r\u00e9szleges email ellen\u0151rz\u00e9s Az Apple Hint Service seg\u00edts\u00e9g\u00e9vel megtudhatod, hogy az iPhone vagy [&hellip;]<\/p>\n","protected":false},"featured_media":0,"comment_status":"open","ping_status":"closed","template":"","meta":{"site-sidebar-layout":"default","site-content-layout":"","ast-site-content-layout":"default","site-content-style":"default","site-sidebar-style":"default","ast-global-header-display":"","ast-banner-title-visibility":"","ast-main-header-display":"","ast-hfb-above-header-display":"","ast-hfb-below-header-display":"","ast-hfb-mobile-header-display":"","site-post-title":"","ast-breadcrumbs-content":"","ast-featured-img":"","footer-sml-layout":"","ast-disable-related-posts":"","theme-transparent-header-meta":"default","adv-header-id-meta":"","stick-header-meta":"","header-above-stick-meta":"","header-main-stick-meta":"","header-below-stick-meta":"","astra-migrate-meta-layouts":"set","ast-page-background-enabled":"default","ast-page-background-meta":{"desktop":{"background-color":"var(--ast-global-color-5)","background-image":"","background-repeat":"repeat","background-position":"center center","background-size":"auto","background-attachment":"scroll","background-type":"","background-media":"","overlay-type":"","overlay-color":"","overlay-opacity":"","overlay-gradient":""},"tablet":{"background-color":"","background-image":"","background-repeat":"repeat","background-position":"center center","background-size":"auto","background-attachment":"scroll","background-type":"","background-media":"","overlay-type":"","overlay-color":"","overlay-opacity":"","overlay-gradient":""},"mobile":{"background-color":"","background-image":"","background-repeat":"repeat","background-position":"center center","background-size":"auto","background-attachment":"scroll","background-type":"","background-media":"","overlay-type":"","overlay-color":"","overlay-opacity":"","overlay-gradient":""}},"ast-content-background-meta":{"desktop":{"background-color":"var(--ast-global-color-4)","background-image":"","background-repeat":"repeat","background-position":"center center","background-size":"auto","background-attachment":"scroll","background-type":"","background-media":"","overlay-type":"","overlay-color":"","overlay-opacity":"","overlay-gradient":""},"tablet":{"background-color":"var(--ast-global-color-4)","background-image":"","background-repeat":"repeat","background-position":"center center","background-size":"auto","background-attachment":"scroll","background-type":"","background-media":"","overlay-type":"","overlay-color":"","overlay-opacity":"","overlay-gradient":""},"mobile":{"background-color":"var(--ast-global-color-4)","background-image":"","background-repeat":"repeat","background-position":"center center","background-size":"auto","background-attachment":"scroll","background-type":"","background-media":"","overlay-type":"","overlay-color":"","overlay-opacity":"","overlay-gradient":""}}},"product_brand":[],"product_cat":[29],"product_tag":[],"class_list":{"0":"post-264","1":"product","2":"type-product","3":"status-publish","5":"product_cat-apple","6":"desktop-align-left","7":"tablet-align-left","8":"mobile-align-left","10":"first","11":"instock","12":"shipping-taxable","13":"purchasable","14":"product-type-simple"},"yoast_head":"<!-- This site is optimized with the Yoast SEO plugin v27.5 - https:\/\/yoast.com\/product\/yoast-seo-wordpress\/ -->\n<title>iPhone Apple ID ellen\u0151rz\u00e9s \u2013 iCloud email r\u00e9szlet (Hint Service)<\/title>\n<meta name=\"description\" content=\"Ellen\u0151rizd iPhone k\u00e9sz\u00fcl\u00e9ked Apple ID-j\u00e1t r\u00e9szlegesen. Tudd meg, milyen iCloud email tartozik hozz\u00e1 IMEI alapj\u00e1n v\u00e1s\u00e1rl\u00e1s el\u0151tt.\" \/>\n<meta name=\"robots\" content=\"index, follow, max-snippet:-1, max-image-preview:large, max-video-preview:-1\" \/>\n<link rel=\"canonical\" href=\"https:\/\/xn--imeiellenrzs-leb76l.hu\/?product=apple-hint-service-icloud-apple-id-reszleges-email-megjelenites\" \/>\n<meta property=\"og:locale\" content=\"hu_HU\" \/>\n<meta property=\"og:type\" content=\"article\" \/>\n<meta property=\"og:title\" content=\"iPhone Apple ID ellen\u0151rz\u00e9s \u2013 iCloud email r\u00e9szlet (Hint Service)\" \/>\n<meta property=\"og:description\" content=\"Ellen\u0151rizd iPhone k\u00e9sz\u00fcl\u00e9ked Apple ID-j\u00e1t r\u00e9szlegesen. Tudd meg, milyen iCloud email tartozik hozz\u00e1 IMEI alapj\u00e1n v\u00e1s\u00e1rl\u00e1s el\u0151tt.\" \/>\n<meta property=\"og:url\" content=\"https:\/\/xn--imeiellenrzs-leb76l.hu\/?product=apple-hint-service-icloud-apple-id-reszleges-email-megjelenites\" \/>\n<meta property=\"og:site_name\" content=\"IMEI Ellen\u0151rz\u00e9s \u2013 Gyors, Pontos Inform\u00e1ci\u00f3\" \/>\n<meta property=\"article:publisher\" content=\"https:\/\/www.facebook.com\/fixity.hu\" \/>\n<meta property=\"og:image\" content=\"https:\/\/xn--imeiellenrzs-leb76l.hu\/wp-content\/uploads\/2025\/12\/Iphone-ellenorzes.png\" \/>\n\t<meta property=\"og:image:width\" content=\"1024\" \/>\n\t<meta property=\"og:image:height\" content=\"1024\" \/>\n\t<meta property=\"og:image:type\" content=\"image\/png\" \/>\n<meta name=\"twitter:card\" content=\"summary_large_image\" \/>\n<meta name=\"twitter:label1\" content=\"Becs\u00fclt olvas\u00e1si id\u0151\" \/>\n\t<meta name=\"twitter:data1\" content=\"2 perc\" \/>\n<script type=\"application\/ld+json\" class=\"yoast-schema-graph\">{\"@context\":\"https:\\\/\\\/schema.org\",\"@graph\":[{\"@type\":\"WebPage\",\"@id\":\"https:\\\/\\\/xn--imeiellenrzs-leb76l.hu\\\/?product=apple-hint-service-icloud-apple-id-reszleges-email-megjelenites\",\"url\":\"https:\\\/\\\/xn--imeiellenrzs-leb76l.hu\\\/?product=apple-hint-service-icloud-apple-id-reszleges-email-megjelenites\",\"name\":\"iPhone Apple ID ellen\u0151rz\u00e9s \u2013 iCloud email r\u00e9szlet (Hint Service)\",\"isPartOf\":{\"@id\":\"https:\\\/\\\/xn--imeiellenrzs-leb76l.hu\\\/#website\"},\"datePublished\":\"2026-04-17T19:36:37+00:00\",\"description\":\"Ellen\u0151rizd iPhone k\u00e9sz\u00fcl\u00e9ked Apple ID-j\u00e1t r\u00e9szlegesen. Tudd meg, milyen iCloud email tartozik hozz\u00e1 IMEI alapj\u00e1n v\u00e1s\u00e1rl\u00e1s el\u0151tt.\",\"breadcrumb\":{\"@id\":\"https:\\\/\\\/xn--imeiellenrzs-leb76l.hu\\\/?product=apple-hint-service-icloud-apple-id-reszleges-email-megjelenites#breadcrumb\"},\"inLanguage\":\"hu\",\"potentialAction\":[{\"@type\":\"ReadAction\",\"target\":[\"https:\\\/\\\/xn--imeiellenrzs-leb76l.hu\\\/?product=apple-hint-service-icloud-apple-id-reszleges-email-megjelenites\"]}]},{\"@type\":\"BreadcrumbList\",\"@id\":\"https:\\\/\\\/xn--imeiellenrzs-leb76l.hu\\\/?product=apple-hint-service-icloud-apple-id-reszleges-email-megjelenites#breadcrumb\",\"itemListElement\":[{\"@type\":\"ListItem\",\"position\":1,\"name\":\"Kezd\u0151lap\",\"item\":\"https:\\\/\\\/xn--imeiellenrzs-leb76l.hu\\\/\"},{\"@type\":\"ListItem\",\"position\":2,\"name\":\"Term\u00e9kek\",\"item\":\"https:\\\/\\\/xn--imeiellenrzs-leb76l.hu\\\/?post_type=product\"},{\"@type\":\"ListItem\",\"position\":3,\"name\":\"Apple Hint Service \u2013 iCloud Apple ID r\u00e9szleges email megjelen\u00edt\u00e9s\"}]},{\"@type\":\"WebSite\",\"@id\":\"https:\\\/\\\/xn--imeiellenrzs-leb76l.hu\\\/#website\",\"url\":\"https:\\\/\\\/xn--imeiellenrzs-leb76l.hu\\\/\",\"name\":\"Imeiellen\u0151rz\u00e9s\",\"description\":\"Telefonod adatai IMEI alapj\u00e1n \u2013 gyors \u00e9s megb\u00edzhat\u00f3 ellen\u0151rz\u00e9s.\",\"potentialAction\":[{\"@type\":\"SearchAction\",\"target\":{\"@type\":\"EntryPoint\",\"urlTemplate\":\"https:\\\/\\\/xn--imeiellenrzs-leb76l.hu\\\/?s={search_term_string}\"},\"query-input\":{\"@type\":\"PropertyValueSpecification\",\"valueRequired\":true,\"valueName\":\"search_term_string\"}}],\"inLanguage\":\"hu\"}]}<\/script>\n<!-- \/ Yoast SEO plugin. -->","yoast_head_json":{"title":"iPhone Apple ID ellen\u0151rz\u00e9s \u2013 iCloud email r\u00e9szlet (Hint Service)","description":"Ellen\u0151rizd iPhone k\u00e9sz\u00fcl\u00e9ked Apple ID-j\u00e1t r\u00e9szlegesen. Tudd meg, milyen iCloud email tartozik hozz\u00e1 IMEI alapj\u00e1n v\u00e1s\u00e1rl\u00e1s el\u0151tt.","robots":{"index":"index","follow":"follow","max-snippet":"max-snippet:-1","max-image-preview":"max-image-preview:large","max-video-preview":"max-video-preview:-1"},"canonical":"https:\/\/xn--imeiellenrzs-leb76l.hu\/?product=apple-hint-service-icloud-apple-id-reszleges-email-megjelenites","og_locale":"hu_HU","og_type":"article","og_title":"iPhone Apple ID ellen\u0151rz\u00e9s \u2013 iCloud email r\u00e9szlet (Hint Service)","og_description":"Ellen\u0151rizd iPhone k\u00e9sz\u00fcl\u00e9ked Apple ID-j\u00e1t r\u00e9szlegesen. Tudd meg, milyen iCloud email tartozik hozz\u00e1 IMEI alapj\u00e1n v\u00e1s\u00e1rl\u00e1s el\u0151tt.","og_url":"https:\/\/xn--imeiellenrzs-leb76l.hu\/?product=apple-hint-service-icloud-apple-id-reszleges-email-megjelenites","og_site_name":"IMEI Ellen\u0151rz\u00e9s \u2013 Gyors, Pontos Inform\u00e1ci\u00f3","article_publisher":"https:\/\/www.facebook.com\/fixity.hu","og_image":[{"width":1024,"height":1024,"url":"https:\/\/xn--imeiellenrzs-leb76l.hu\/wp-content\/uploads\/2025\/12\/Iphone-ellenorzes.png","type":"image\/png"}],"twitter_card":"summary_large_image","twitter_misc":{"Becs\u00fclt olvas\u00e1si id\u0151":"2 perc"},"schema":{"@context":"https:\/\/schema.org","@graph":[{"@type":"WebPage","@id":"https:\/\/xn--imeiellenrzs-leb76l.hu\/?product=apple-hint-service-icloud-apple-id-reszleges-email-megjelenites","url":"https:\/\/xn--imeiellenrzs-leb76l.hu\/?product=apple-hint-service-icloud-apple-id-reszleges-email-megjelenites","name":"iPhone Apple ID ellen\u0151rz\u00e9s \u2013 iCloud email r\u00e9szlet (Hint Service)","isPartOf":{"@id":"https:\/\/xn--imeiellenrzs-leb76l.hu\/#website"},"datePublished":"2026-04-17T19:36:37+00:00","description":"Ellen\u0151rizd iPhone k\u00e9sz\u00fcl\u00e9ked Apple ID-j\u00e1t r\u00e9szlegesen. Tudd meg, milyen iCloud email tartozik hozz\u00e1 IMEI alapj\u00e1n v\u00e1s\u00e1rl\u00e1s el\u0151tt.","breadcrumb":{"@id":"https:\/\/xn--imeiellenrzs-leb76l.hu\/?product=apple-hint-service-icloud-apple-id-reszleges-email-megjelenites#breadcrumb"},"inLanguage":"hu","potentialAction":[{"@type":"ReadAction","target":["https:\/\/xn--imeiellenrzs-leb76l.hu\/?product=apple-hint-service-icloud-apple-id-reszleges-email-megjelenites"]}]},{"@type":"BreadcrumbList","@id":"https:\/\/xn--imeiellenrzs-leb76l.hu\/?product=apple-hint-service-icloud-apple-id-reszleges-email-megjelenites#breadcrumb","itemListElement":[{"@type":"ListItem","position":1,"name":"Kezd\u0151lap","item":"https:\/\/xn--imeiellenrzs-leb76l.hu\/"},{"@type":"ListItem","position":2,"name":"Term\u00e9kek","item":"https:\/\/xn--imeiellenrzs-leb76l.hu\/?post_type=product"},{"@type":"ListItem","position":3,"name":"Apple Hint Service \u2013 iCloud Apple ID r\u00e9szleges email megjelen\u00edt\u00e9s"}]},{"@type":"WebSite","@id":"https:\/\/xn--imeiellenrzs-leb76l.hu\/#website","url":"https:\/\/xn--imeiellenrzs-leb76l.hu\/","name":"Imeiellen\u0151rz\u00e9s","description":"Telefonod adatai IMEI alapj\u00e1n \u2013 gyors \u00e9s megb\u00edzhat\u00f3 ellen\u0151rz\u00e9s.","potentialAction":[{"@type":"SearchAction","target":{"@type":"EntryPoint","urlTemplate":"https:\/\/xn--imeiellenrzs-leb76l.hu\/?s={search_term_string}"},"query-input":{"@type":"PropertyValueSpecification","valueRequired":true,"valueName":"search_term_string"}}],"inLanguage":"hu"}]}},"_links":{"self":[{"href":"https:\/\/xn--imeiellenrzs-leb76l.hu\/index.php?rest_route=\/wp\/v2\/product\/264","targetHints":{"allow":["GET"]}}],"collection":[{"href":"https:\/\/xn--imeiellenrzs-leb76l.hu\/index.php?rest_route=\/wp\/v2\/product"}],"about":[{"href":"https:\/\/xn--imeiellenrzs-leb76l.hu\/index.php?rest_route=\/wp\/v2\/types\/product"}],"replies":[{"embeddable":true,"href":"https:\/\/xn--imeiellenrzs-leb76l.hu\/index.php?rest_route=%2Fwp%2Fv2%2Fcomments&post=264"}],"wp:attachment":[{"href":"https:\/\/xn--imeiellenrzs-leb76l.hu\/index.php?rest_route=%2Fwp%2Fv2%2Fmedia&parent=264"}],"wp:term":[{"taxonomy":"product_brand","embeddable":true,"href":"https:\/\/xn--imeiellenrzs-leb76l.hu\/index.php?rest_route=%2Fwp%2Fv2%2Fproduct_brand&post=264"},{"taxonomy":"product_cat","embeddable":true,"href":"https:\/\/xn--imeiellenrzs-leb76l.hu\/index.php?rest_route=%2Fwp%2Fv2%2Fproduct_cat&post=264"},{"taxonomy":"product_tag","embeddable":true,"href":"https:\/\/xn--imeiellenrzs-leb76l.hu\/index.php?rest_route=%2Fwp%2Fv2%2Fproduct_tag&post=264"}],"curies":[{"name":"wp","href":"https:\/\/api.w.org\/{rel}","templated":true}]}}