{"id":155,"date":"2025-12-07T14:00:18","date_gmt":"2025-12-07T14:00:18","guid":{"rendered":"https:\/\/xn--imeiellenrzs-leb76l.hu\/?post_type=product&#038;p=155"},"modified":"2026-04-17T18:33:35","modified_gmt":"2026-04-17T18:33:35","slug":"lenovo-ellenorzes","status":"publish","type":"product","link":"https:\/\/xn--imeiellenrzs-leb76l.hu\/?product=lenovo-ellenorzes","title":{"rendered":"Lenovo ellen\u0151rz\u00e9s"},"content":{"rendered":"<p><!-- SEO adatok --><\/p>\n<div style=\"font-size: 14pt; line-height: 1.7;\">\n<h1>Lenovo IMEI ellen\u0151rz\u00e9s \u2013 Garancia, sorozatsz\u00e1m \u00e9s orsz\u00e1ginform\u00e1ci\u00f3k<\/h1>\n<p>Az <strong>IMEI Lenovo garancia-, sorozatsz\u00e1m- \u00e9s orsz\u00e1gellen\u0151rz\u0151<\/strong> egy vadonat\u00faj,<br \/>\nrendk\u00edv\u00fcl r\u00e9szletes eszk\u00f6z, amely seg\u00edt \u00e1tl\u00e1that\u00f3v\u00e1 tenni Lenovo k\u00e9sz\u00fcl\u00e9ked minden fontos adat\u00e1t.<br \/>\nT\u00f6bb\u00e9 nem jelent probl\u00e9m\u00e1t az elfelejtett garanciaid\u0151 vagy a pap\u00edralap\u00fa dokumentumok keresg\u00e9l\u00e9se \u2013<br \/>\nminden l\u00e9nyeges inform\u00e1ci\u00f3 egy helyen el\u00e9rhet\u0151.<\/p>\n<p>Ak\u00e1r m\u00e1r megl\u00e9v\u0151 Lenovo telefonod adatait szeretn\u00e9d ellen\u0151rizni, ak\u00e1r<br \/>\n<strong>haszn\u00e1lt Lenovo k\u00e9sz\u00fcl\u00e9k v\u00e1s\u00e1rl\u00e1s\u00e1n gondolkodsz<\/strong>, az IMEI-alap\u00fa ellen\u0151rz\u00e9s seg\u00edt<br \/>\nmeggy\u0151z\u0151dni arr\u00f3l, hogy az elad\u00f3 \u00e1ltal megadott adatok megfelelnek-e a val\u00f3s\u00e1gnak.<\/p>\n<h2>Mi\u00e9rt hasznos a Lenovo IMEI ellen\u0151rz\u00e9s?<\/h2>\n<p>A Lenovo eszk\u00f6z\u00f6kn\u00e9l a garancia nem mindig egys\u00e9ges: el\u0151fordulhat, hogy<br \/>\n<strong>a k\u00e9sz\u00fcl\u00e9k \u00e9s az egyes alkatr\u00e9szek garanci\u00e1ja elt\u00e9r\u0151<\/strong>.<br \/>\nAz ellen\u0151rz\u00e9s pontos k\u00e9pet ad arr\u00f3l, hogy mikor kezd\u0151d\u00f6tt \u00e9s mikor j\u00e1r le<br \/>\na garancia \u2013 bele\u00e9rtve az akkumul\u00e1torra vonatkoz\u00f3 inform\u00e1ci\u00f3kat is.<\/p>\n<ul>\n<li>Nem kell t\u00f6bb\u00e9 garancialevelek k\u00f6z\u00f6tt keresg\u00e9lned<\/li>\n<li>Ellen\u0151rizhet\u0151 a k\u00e9sz\u00fcl\u00e9k \u00e9s az alkatr\u00e9szek garanci\u00e1ja<\/li>\n<li>Haszn\u00e1lt v\u00e1s\u00e1rl\u00e1s el\u0151tt hiteles adatokkal d\u00f6nthetsz<\/li>\n<li>Megismerheted a k\u00e9sz\u00fcl\u00e9k sz\u00e1rmaz\u00e1s\u00e1t \u00e9s t\u00edpus\u00e1t<\/li>\n<\/ul>\n<h2>Milyen adatokat nyerhetsz ki a Lenovo ellen\u0151rz\u0151vel?<\/h2>\n<p>A r\u00e9szletes Lenovo riport az al\u00e1bbi inform\u00e1ci\u00f3kat tartalmazhatja:<\/p>\n<ul>\n<li><strong>M\u00e1rka, modell, IMEI sz\u00e1mok, sorozatsz\u00e1m<\/strong><\/li>\n<li><strong>Term\u00e9kt\u00edpus, term\u00e9ksorozat, term\u00e9kn\u00e9v<\/strong><\/li>\n<li><strong>Term\u00e9kazonos\u00edt\u00f3, g\u00e9pt\u00edpus (MTM)<\/strong><\/li>\n<li><strong>M\u00f3d, soros azonos\u00edt\u00f3k<\/strong><\/li>\n<li><strong>Garancia kezdete, v\u00e9ge, \u00e1llapota \u00e9s t\u00edpusa<\/strong><\/li>\n<li><strong>Akkumul\u00e1tor garancia kezdete \u00e9s v\u00e9ge<\/strong><\/li>\n<li><strong>R\u00e9szletes garanciale\u00edr\u00e1s<\/strong><\/li>\n<li><strong>Orsz\u00e1gk\u00f3d, orsz\u00e1gn\u00e9v, sz\u00e1rmaz\u00e1si hely<\/strong><\/li>\n<li><strong>Sz\u00e1ll\u00edt\u00e1si t\u00edpus \u00e9s sz\u00e1ll\u00edt\u00e1si orsz\u00e1g<\/strong><\/li>\n<\/ul>\n<h2>Hogyan ellen\u0151rizheted a Lenovo k\u00e9sz\u00fcl\u00e9k adatait IMEI alapj\u00e1n?<\/h2>\n<ol>\n<li>\u00cdrd be a Lenovo k\u00e9sz\u00fcl\u00e9ked <strong>IMEI sz\u00e1m\u00e1t<\/strong> a beviteli mez\u0151be.<br \/>\n(Az IMEI megjelen\u00edt\u00e9s\u00e9hez t\u00e1rcs\u00e1zd a <strong>*#06#<\/strong> k\u00f3dot.)<\/li>\n<li>Kattints az <strong>ELLEN\u0150RZ\u00c9S<\/strong> gombra.<\/li>\n<li>A rendszer megjelen\u00edti a Lenovo eszk\u00f6z <strong>r\u00e9szletes inform\u00e1ci\u00f3s jelent\u00e9s\u00e9t<\/strong>.<\/li>\n<\/ol>\n<div style=\"border: 1px solid #e6e6e6; padding: 14px; border-radius: 10px; margin-top: 14px;\">\n<p style=\"margin: 0;\"><strong>Tipp haszn\u00e1lt k\u00e9sz\u00fcl\u00e9khez:<\/strong><br \/>\nHa a garanciaadatok vagy a k\u00e9sz\u00fcl\u00e9k t\u00edpusa elt\u00e9r az elad\u00f3 \u00e1ll\u00edt\u00e1sait\u00f3l,<br \/>\n\u00e9rdemes tov\u00e1bbi ellen\u0151rz\u00e9st v\u00e9gezni vagy \u00fajragondolni a v\u00e1s\u00e1rl\u00e1st.<\/p>\n<\/div>\n<p style=\"font-size: 13px; color: #666; margin-top: 12px;\">Megjegyz\u00e9s: Az el\u00e9rhet\u0151 Lenovo adatok modellenk\u00e9nt \u00e9s r\u00e9gi\u00f3nk\u00e9nt elt\u00e9rhetnek.<\/p>\n<\/div>\n","protected":false},"excerpt":{"rendered":"<p>Lenovo IMEI ellen\u0151rz\u00e9s \u2013 Garancia, sorozatsz\u00e1m \u00e9s orsz\u00e1ginform\u00e1ci\u00f3k Az IMEI Lenovo garancia-, sorozatsz\u00e1m- \u00e9s orsz\u00e1gellen\u0151rz\u0151 egy vadonat\u00faj, rendk\u00edv\u00fcl r\u00e9szletes eszk\u00f6z, [&hellip;]<\/p>\n","protected":false},"featured_media":0,"comment_status":"open","ping_status":"closed","template":"","meta":{"site-sidebar-layout":"default","site-content-layout":"","ast-site-content-layout":"default","site-content-style":"default","site-sidebar-style":"default","ast-global-header-display":"","ast-banner-title-visibility":"","ast-main-header-display":"","ast-hfb-above-header-display":"","ast-hfb-below-header-display":"","ast-hfb-mobile-header-display":"","site-post-title":"","ast-breadcrumbs-content":"","ast-featured-img":"","footer-sml-layout":"","ast-disable-related-posts":"","theme-transparent-header-meta":"default","adv-header-id-meta":"","stick-header-meta":"","header-above-stick-meta":"","header-main-stick-meta":"","header-below-stick-meta":"","astra-migrate-meta-layouts":"set","ast-page-background-enabled":"default","ast-page-background-meta":{"desktop":{"background-color":"var(--ast-global-color-5)","background-image":"","background-repeat":"repeat","background-position":"center center","background-size":"auto","background-attachment":"scroll","background-type":"","background-media":"","overlay-type":"","overlay-color":"","overlay-opacity":"","overlay-gradient":""},"tablet":{"background-color":"","background-image":"","background-repeat":"repeat","background-position":"center center","background-size":"auto","background-attachment":"scroll","background-type":"","background-media":"","overlay-type":"","overlay-color":"","overlay-opacity":"","overlay-gradient":""},"mobile":{"background-color":"","background-image":"","background-repeat":"repeat","background-position":"center center","background-size":"auto","background-attachment":"scroll","background-type":"","background-media":"","overlay-type":"","overlay-color":"","overlay-opacity":"","overlay-gradient":""}},"ast-content-background-meta":{"desktop":{"background-color":"var(--ast-global-color-4)","background-image":"","background-repeat":"repeat","background-position":"center center","background-size":"auto","background-attachment":"scroll","background-type":"","background-media":"","overlay-type":"","overlay-color":"","overlay-opacity":"","overlay-gradient":""},"tablet":{"background-color":"var(--ast-global-color-4)","background-image":"","background-repeat":"repeat","background-position":"center center","background-size":"auto","background-attachment":"scroll","background-type":"","background-media":"","overlay-type":"","overlay-color":"","overlay-opacity":"","overlay-gradient":""},"mobile":{"background-color":"var(--ast-global-color-4)","background-image":"","background-repeat":"repeat","background-position":"center center","background-size":"auto","background-attachment":"scroll","background-type":"","background-media":"","overlay-type":"","overlay-color":"","overlay-opacity":"","overlay-gradient":""}}},"product_brand":[],"product_cat":[36],"product_tag":[],"class_list":{"0":"post-155","1":"product","2":"type-product","3":"status-publish","5":"product_cat-lenovo","6":"desktop-align-left","7":"tablet-align-left","8":"mobile-align-left","10":"first","11":"instock","12":"shipping-taxable","13":"purchasable","14":"product-type-simple"},"yoast_head":"<!-- This site is optimized with the Yoast SEO plugin v27.5 - https:\/\/yoast.com\/product\/yoast-seo-wordpress\/ -->\n<title>Lenovo ellen\u0151rz\u00e9s - IMEI Ellen\u0151rz\u00e9s \u2013 Gyors, Pontos Inform\u00e1ci\u00f3<\/title>\n<meta name=\"description\" content=\"Ellen\u0151rizd Lenovo k\u00e9sz\u00fcl\u00e9ked garanci\u00e1lis \u00e1llapot\u00e1t, v\u00e1s\u00e1rl\u00e1si orsz\u00e1g\u00e1t \u00e9s k\u00e9sz\u00fcl\u00e9kadatait IMEIsz\u00e1m alapj\u00e1n. A Fixity Lenovo Info Check seg\u00edt gyorsan kider\u00edteni, megb\u00edzhat\u00f3-e a k\u00e9sz\u00fcl\u00e9k.\" \/>\n<meta name=\"robots\" content=\"index, follow, max-snippet:-1, max-image-preview:large, max-video-preview:-1\" \/>\n<link rel=\"canonical\" href=\"https:\/\/xn--imeiellenrzs-leb76l.hu\/?product=lenovo-ellenorzes\" \/>\n<meta property=\"og:locale\" content=\"hu_HU\" \/>\n<meta property=\"og:type\" content=\"article\" \/>\n<meta property=\"og:title\" content=\"Lenovo ellen\u0151rz\u00e9s - IMEI Ellen\u0151rz\u00e9s \u2013 Gyors, Pontos Inform\u00e1ci\u00f3\" \/>\n<meta property=\"og:description\" content=\"Ellen\u0151rizd Lenovo k\u00e9sz\u00fcl\u00e9ked garanci\u00e1lis \u00e1llapot\u00e1t, v\u00e1s\u00e1rl\u00e1si orsz\u00e1g\u00e1t \u00e9s k\u00e9sz\u00fcl\u00e9kadatait IMEIsz\u00e1m alapj\u00e1n. A Fixity Lenovo Info Check seg\u00edt gyorsan kider\u00edteni, megb\u00edzhat\u00f3-e a k\u00e9sz\u00fcl\u00e9k.\" \/>\n<meta property=\"og:url\" content=\"https:\/\/xn--imeiellenrzs-leb76l.hu\/?product=lenovo-ellenorzes\" \/>\n<meta property=\"og:site_name\" content=\"IMEI Ellen\u0151rz\u00e9s \u2013 Gyors, Pontos Inform\u00e1ci\u00f3\" \/>\n<meta property=\"article:publisher\" content=\"https:\/\/www.facebook.com\/fixity.hu\" \/>\n<meta property=\"article:modified_time\" content=\"2026-04-17T18:33:35+00:00\" \/>\n<meta property=\"og:image\" content=\"https:\/\/xn--imeiellenrzs-leb76l.hu\/wp-content\/uploads\/2025\/12\/Lenovo-ellenorzes.png\" \/>\n\t<meta property=\"og:image:width\" content=\"1024\" \/>\n\t<meta property=\"og:image:height\" content=\"1024\" \/>\n\t<meta property=\"og:image:type\" content=\"image\/png\" \/>\n<meta name=\"twitter:card\" content=\"summary_large_image\" \/>\n<meta name=\"twitter:label1\" content=\"Becs\u00fclt olvas\u00e1si id\u0151\" \/>\n\t<meta name=\"twitter:data1\" content=\"2 perc\" \/>\n<script type=\"application\/ld+json\" class=\"yoast-schema-graph\">{\"@context\":\"https:\\\/\\\/schema.org\",\"@graph\":[{\"@type\":\"WebPage\",\"@id\":\"https:\\\/\\\/xn--imeiellenrzs-leb76l.hu\\\/?product=lenovo-ellenorzes\",\"url\":\"https:\\\/\\\/xn--imeiellenrzs-leb76l.hu\\\/?product=lenovo-ellenorzes\",\"name\":\"Lenovo ellen\u0151rz\u00e9s - IMEI Ellen\u0151rz\u00e9s \u2013 Gyors, Pontos Inform\u00e1ci\u00f3\",\"isPartOf\":{\"@id\":\"https:\\\/\\\/xn--imeiellenrzs-leb76l.hu\\\/#website\"},\"datePublished\":\"2025-12-07T14:00:18+00:00\",\"dateModified\":\"2026-04-17T18:33:35+00:00\",\"description\":\"Ellen\u0151rizd Lenovo k\u00e9sz\u00fcl\u00e9ked garanci\u00e1lis \u00e1llapot\u00e1t, v\u00e1s\u00e1rl\u00e1si orsz\u00e1g\u00e1t \u00e9s k\u00e9sz\u00fcl\u00e9kadatait IMEIsz\u00e1m alapj\u00e1n. A Fixity Lenovo Info Check seg\u00edt gyorsan kider\u00edteni, megb\u00edzhat\u00f3-e a k\u00e9sz\u00fcl\u00e9k.\",\"breadcrumb\":{\"@id\":\"https:\\\/\\\/xn--imeiellenrzs-leb76l.hu\\\/?product=lenovo-ellenorzes#breadcrumb\"},\"inLanguage\":\"hu\",\"potentialAction\":[{\"@type\":\"ReadAction\",\"target\":[\"https:\\\/\\\/xn--imeiellenrzs-leb76l.hu\\\/?product=lenovo-ellenorzes\"]}]},{\"@type\":\"BreadcrumbList\",\"@id\":\"https:\\\/\\\/xn--imeiellenrzs-leb76l.hu\\\/?product=lenovo-ellenorzes#breadcrumb\",\"itemListElement\":[{\"@type\":\"ListItem\",\"position\":1,\"name\":\"Kezd\u0151lap\",\"item\":\"https:\\\/\\\/xn--imeiellenrzs-leb76l.hu\\\/\"},{\"@type\":\"ListItem\",\"position\":2,\"name\":\"Term\u00e9kek\",\"item\":\"https:\\\/\\\/xn--imeiellenrzs-leb76l.hu\\\/?post_type=product\"},{\"@type\":\"ListItem\",\"position\":3,\"name\":\"Lenovo ellen\u0151rz\u00e9s\"}]},{\"@type\":\"WebSite\",\"@id\":\"https:\\\/\\\/xn--imeiellenrzs-leb76l.hu\\\/#website\",\"url\":\"https:\\\/\\\/xn--imeiellenrzs-leb76l.hu\\\/\",\"name\":\"Imeiellen\u0151rz\u00e9s\",\"description\":\"Telefonod adatai IMEI alapj\u00e1n \u2013 gyors \u00e9s megb\u00edzhat\u00f3 ellen\u0151rz\u00e9s.\",\"potentialAction\":[{\"@type\":\"SearchAction\",\"target\":{\"@type\":\"EntryPoint\",\"urlTemplate\":\"https:\\\/\\\/xn--imeiellenrzs-leb76l.hu\\\/?s={search_term_string}\"},\"query-input\":{\"@type\":\"PropertyValueSpecification\",\"valueRequired\":true,\"valueName\":\"search_term_string\"}}],\"inLanguage\":\"hu\"}]}<\/script>\n<!-- \/ Yoast SEO plugin. -->","yoast_head_json":{"title":"Lenovo ellen\u0151rz\u00e9s - IMEI Ellen\u0151rz\u00e9s \u2013 Gyors, Pontos Inform\u00e1ci\u00f3","description":"Ellen\u0151rizd Lenovo k\u00e9sz\u00fcl\u00e9ked garanci\u00e1lis \u00e1llapot\u00e1t, v\u00e1s\u00e1rl\u00e1si orsz\u00e1g\u00e1t \u00e9s k\u00e9sz\u00fcl\u00e9kadatait IMEIsz\u00e1m alapj\u00e1n. A Fixity Lenovo Info Check seg\u00edt gyorsan kider\u00edteni, megb\u00edzhat\u00f3-e a k\u00e9sz\u00fcl\u00e9k.","robots":{"index":"index","follow":"follow","max-snippet":"max-snippet:-1","max-image-preview":"max-image-preview:large","max-video-preview":"max-video-preview:-1"},"canonical":"https:\/\/xn--imeiellenrzs-leb76l.hu\/?product=lenovo-ellenorzes","og_locale":"hu_HU","og_type":"article","og_title":"Lenovo ellen\u0151rz\u00e9s - IMEI Ellen\u0151rz\u00e9s \u2013 Gyors, Pontos Inform\u00e1ci\u00f3","og_description":"Ellen\u0151rizd Lenovo k\u00e9sz\u00fcl\u00e9ked garanci\u00e1lis \u00e1llapot\u00e1t, v\u00e1s\u00e1rl\u00e1si orsz\u00e1g\u00e1t \u00e9s k\u00e9sz\u00fcl\u00e9kadatait IMEIsz\u00e1m alapj\u00e1n. A Fixity Lenovo Info Check seg\u00edt gyorsan kider\u00edteni, megb\u00edzhat\u00f3-e a k\u00e9sz\u00fcl\u00e9k.","og_url":"https:\/\/xn--imeiellenrzs-leb76l.hu\/?product=lenovo-ellenorzes","og_site_name":"IMEI Ellen\u0151rz\u00e9s \u2013 Gyors, Pontos Inform\u00e1ci\u00f3","article_publisher":"https:\/\/www.facebook.com\/fixity.hu","article_modified_time":"2026-04-17T18:33:35+00:00","og_image":[{"width":1024,"height":1024,"url":"https:\/\/xn--imeiellenrzs-leb76l.hu\/wp-content\/uploads\/2025\/12\/Lenovo-ellenorzes.png","type":"image\/png"}],"twitter_card":"summary_large_image","twitter_misc":{"Becs\u00fclt olvas\u00e1si id\u0151":"2 perc"},"schema":{"@context":"https:\/\/schema.org","@graph":[{"@type":"WebPage","@id":"https:\/\/xn--imeiellenrzs-leb76l.hu\/?product=lenovo-ellenorzes","url":"https:\/\/xn--imeiellenrzs-leb76l.hu\/?product=lenovo-ellenorzes","name":"Lenovo ellen\u0151rz\u00e9s - IMEI Ellen\u0151rz\u00e9s \u2013 Gyors, Pontos Inform\u00e1ci\u00f3","isPartOf":{"@id":"https:\/\/xn--imeiellenrzs-leb76l.hu\/#website"},"datePublished":"2025-12-07T14:00:18+00:00","dateModified":"2026-04-17T18:33:35+00:00","description":"Ellen\u0151rizd Lenovo k\u00e9sz\u00fcl\u00e9ked garanci\u00e1lis \u00e1llapot\u00e1t, v\u00e1s\u00e1rl\u00e1si orsz\u00e1g\u00e1t \u00e9s k\u00e9sz\u00fcl\u00e9kadatait IMEIsz\u00e1m alapj\u00e1n. A Fixity Lenovo Info Check seg\u00edt gyorsan kider\u00edteni, megb\u00edzhat\u00f3-e a k\u00e9sz\u00fcl\u00e9k.","breadcrumb":{"@id":"https:\/\/xn--imeiellenrzs-leb76l.hu\/?product=lenovo-ellenorzes#breadcrumb"},"inLanguage":"hu","potentialAction":[{"@type":"ReadAction","target":["https:\/\/xn--imeiellenrzs-leb76l.hu\/?product=lenovo-ellenorzes"]}]},{"@type":"BreadcrumbList","@id":"https:\/\/xn--imeiellenrzs-leb76l.hu\/?product=lenovo-ellenorzes#breadcrumb","itemListElement":[{"@type":"ListItem","position":1,"name":"Kezd\u0151lap","item":"https:\/\/xn--imeiellenrzs-leb76l.hu\/"},{"@type":"ListItem","position":2,"name":"Term\u00e9kek","item":"https:\/\/xn--imeiellenrzs-leb76l.hu\/?post_type=product"},{"@type":"ListItem","position":3,"name":"Lenovo ellen\u0151rz\u00e9s"}]},{"@type":"WebSite","@id":"https:\/\/xn--imeiellenrzs-leb76l.hu\/#website","url":"https:\/\/xn--imeiellenrzs-leb76l.hu\/","name":"Imeiellen\u0151rz\u00e9s","description":"Telefonod adatai IMEI alapj\u00e1n \u2013 gyors \u00e9s megb\u00edzhat\u00f3 ellen\u0151rz\u00e9s.","potentialAction":[{"@type":"SearchAction","target":{"@type":"EntryPoint","urlTemplate":"https:\/\/xn--imeiellenrzs-leb76l.hu\/?s={search_term_string}"},"query-input":{"@type":"PropertyValueSpecification","valueRequired":true,"valueName":"search_term_string"}}],"inLanguage":"hu"}]}},"_links":{"self":[{"href":"https:\/\/xn--imeiellenrzs-leb76l.hu\/index.php?rest_route=\/wp\/v2\/product\/155","targetHints":{"allow":["GET"]}}],"collection":[{"href":"https:\/\/xn--imeiellenrzs-leb76l.hu\/index.php?rest_route=\/wp\/v2\/product"}],"about":[{"href":"https:\/\/xn--imeiellenrzs-leb76l.hu\/index.php?rest_route=\/wp\/v2\/types\/product"}],"replies":[{"embeddable":true,"href":"https:\/\/xn--imeiellenrzs-leb76l.hu\/index.php?rest_route=%2Fwp%2Fv2%2Fcomments&post=155"}],"wp:attachment":[{"href":"https:\/\/xn--imeiellenrzs-leb76l.hu\/index.php?rest_route=%2Fwp%2Fv2%2Fmedia&parent=155"}],"wp:term":[{"taxonomy":"product_brand","embeddable":true,"href":"https:\/\/xn--imeiellenrzs-leb76l.hu\/index.php?rest_route=%2Fwp%2Fv2%2Fproduct_brand&post=155"},{"taxonomy":"product_cat","embeddable":true,"href":"https:\/\/xn--imeiellenrzs-leb76l.hu\/index.php?rest_route=%2Fwp%2Fv2%2Fproduct_cat&post=155"},{"taxonomy":"product_tag","embeddable":true,"href":"https:\/\/xn--imeiellenrzs-leb76l.hu\/index.php?rest_route=%2Fwp%2Fv2%2Fproduct_tag&post=155"}],"curies":[{"name":"wp","href":"https:\/\/api.w.org\/{rel}","templated":true}]}}