{"id":152,"date":"2025-12-07T13:57:09","date_gmt":"2025-12-07T13:57:09","guid":{"rendered":"https:\/\/xn--imeiellenrzs-leb76l.hu\/?post_type=product&#038;p=152"},"modified":"2026-04-17T18:37:51","modified_gmt":"2026-04-17T18:37:51","slug":"esim-ellenorzes","status":"publish","type":"product","link":"https:\/\/xn--imeiellenrzs-leb76l.hu\/?product=esim-ellenorzes","title":{"rendered":"eSIM ellen\u0151rz\u00e9s"},"content":{"rendered":"<p><!-- SEO adatok --><\/p>\n<div style=\"font-size: 14pt; line-height: 1.7;\">\n<h1>eSIM kompatibilit\u00e1s ellen\u0151rz\u00e9s \u2013 T\u00e1mogatja a telefonod az eSIM-et?<\/h1>\n<p>Szeretn\u00e9d megtudni, hogy a k\u00e9sz\u00fcl\u00e9ked <strong>eSIM-kompatibilis-e<\/strong>?<br \/>\nJ\u00f3 helyen j\u00e1rsz! Az eSIM ellen\u0151rz\u00e9ssel gyorsan \u00e9s egyszer\u0171en kider\u00edtheted,<br \/>\nhogy a telefonod t\u00e1mogatja-e az eSIM technol\u00f3gi\u00e1t.<br \/>\nCsak add meg az <strong>IMEI sz\u00e1modat<\/strong>, \u00e9s azonnal megkapod a sz\u00fcks\u00e9ges inform\u00e1ci\u00f3kat.<\/p>\n<p>Haszn\u00e1ld <strong>INGYENES eSIM ellen\u0151rz\u0151 eszk\u00f6z\u00fcnket<\/strong>, \u00e9s gy\u0151z\u0151dj meg r\u00f3la,<br \/>\nhogy a k\u00e9sz\u00fcl\u00e9ked k\u00e9szen \u00e1ll az eSIM ny\u00fajtotta el\u0151ny\u00f6k kihaszn\u00e1l\u00e1s\u00e1ra.<\/p>\n<h2>Mi az eSIM?<\/h2>\n<p>Az <strong>eSIM (Embedded Subscriber Identity Module)<\/strong> egy be\u00e9p\u00edtett SIM-megold\u00e1s,<br \/>\namely nem ig\u00e9nyel fizikai SIM-k\u00e1rty\u00e1t. K\u00f6zvetlen\u00fcl a k\u00e9sz\u00fcl\u00e9kbe van integr\u00e1lva,<br \/>\n\u00e9s lehet\u0151v\u00e9 teszi, hogy a felhaszn\u00e1l\u00f3k egyszer\u0171en v\u00e1ltsanak<br \/>\n<strong>mobilszolg\u00e1ltat\u00f3k \u00e9s el\u0151fizet\u00e9sek k\u00f6z\u00f6tt<\/strong> an\u00e9lk\u00fcl,<br \/>\nhogy SIM-k\u00e1rty\u00e1t kellene cser\u00e9lni\u00fck.<\/p>\n<p>Legyen sz\u00f3 Android vagy iOS k\u00e9sz\u00fcl\u00e9kr\u0151l, az eSIM technol\u00f3gia nagyobb szabads\u00e1got,<br \/>\nk\u00e9nyelmet \u00e9s rugalmass\u00e1got biztos\u00edt a mobilkapcsolatok kezel\u00e9s\u00e9ben.<\/p>\n<h2>Mikor \u00e9s mire haszn\u00e1lj\u00e1k az eSIM-et?<\/h2>\n<ul>\n<li><strong>Nemzetk\u00f6zi utaz\u00e1s<\/strong> \u2013 Helyi vagy nemzetk\u00f6zi eSIM-csomag haszn\u00e1lata roamingd\u00edjak n\u00e9lk\u00fcl.<\/li>\n<li><strong>T\u00f6bb telefonsz\u00e1m egy k\u00e9sz\u00fcl\u00e9ken<\/strong> \u2013 Munka \u00e9s mag\u00e1nsz\u00e1m egyszer\u0171 kezel\u00e9se.<\/li>\n<li><strong>M\u00e1sodlagos eszk\u00f6z\u00f6k<\/strong> \u2013 Okos\u00f3r\u00e1k, t\u00e1blag\u00e9pek, laptopok mobilkapcsolattal.<\/li>\n<li><strong>Gyors eszk\u00f6zaktiv\u00e1l\u00e1s<\/strong> \u2013 Fizikai SIM behelyez\u00e9se n\u00e9lk\u00fcl.<\/li>\n<li><strong>Szolg\u00e1ltat\u00f3v\u00e1lt\u00e1s<\/strong> \u2013 \u00daj csomag t\u00e1voli aktiv\u00e1l\u00e1sa.<\/li>\n<li><strong>El\u0151re fizetett vagy ideiglenes csomagok<\/strong> \u2013 R\u00f6vid utakhoz vagy projektekhez.<\/li>\n<li><strong>Csak adatforgalmi csomagok<\/strong> \u2013 Mobilnet laptopon vagy t\u00e1blag\u00e9pen.<\/li>\n<li><strong>V\u00e9szhelyzeti kapcsolat<\/strong> \u2013 Gyenge lefedetts\u00e9g eset\u00e9n alternat\u00edv h\u00e1l\u00f3zat.<\/li>\n<li><strong>K\u00f6rnyezetbar\u00e1t megold\u00e1s<\/strong> \u2013 Kevesebb m\u0171anyag, kevesebb elektronikus hullad\u00e9k.<\/li>\n<\/ul>\n<h2>Mi\u00e9rt \u00e9rdemes ellen\u0151rizni az eSIM kompatibilit\u00e1st?<\/h2>\n<p>Az eSIM ellen\u0151rz\u00e9s megmutatja, hogy a k\u00e9sz\u00fcl\u00e9k k\u00e9pes-e<br \/>\n<strong>mobilh\u00e1l\u00f3zatra csatlakozni eSIM haszn\u00e1lat\u00e1val<\/strong>.<br \/>\nEz k\u00fcl\u00f6n\u00f6sen fontos utaz\u00e1s el\u0151tt, \u00faj el\u0151fizet\u00e9s v\u00e1s\u00e1rl\u00e1sakor,<br \/>\nvagy szolg\u00e1ltat\u00f3v\u00e1lt\u00e1s el\u0151tt.<\/p>\n<ul>\n<li><strong>Id\u0151megtakar\u00edt\u00e1s<\/strong> \u2013 Azonnali v\u00e1lasz a kompatibilit\u00e1sr\u00f3l.<\/li>\n<li><strong>Nagyobb hat\u00e9konys\u00e1g<\/strong> \u2013 Nem v\u00e1s\u00e1rolsz feleslegesen eSIM-et.<\/li>\n<li><strong>Glob\u00e1lis kapcsolat<\/strong> \u2013 T\u00f6bb mint 180 orsz\u00e1gban haszn\u00e1lhat\u00f3 megold\u00e1sok.<\/li>\n<\/ul>\n<h2>Hogyan ellen\u0151rizhet\u0151 az eSIM kompatibilit\u00e1s?<\/h2>\n<ol>\n<li>Add meg a k\u00e9sz\u00fcl\u00e9ked <strong>IMEI sz\u00e1m\u00e1t<\/strong> az oldal tetej\u00e9n tal\u00e1lhat\u00f3 mez\u0151ben.<\/li>\n<li>Ind\u00edtsd el az <strong>IMEI ellen\u0151rz\u00e9st<\/strong>.<\/li>\n<li>V\u00e1laszd az <strong>eSIM kompatibilit\u00e1s ellen\u0151rz\u00e9se<\/strong> opci\u00f3t.<\/li>\n<li>Tekintsd meg, hogy a telefonod <strong>t\u00e1mogatja-e az eSIM-et<\/strong>.<\/li>\n<\/ol>\n<div style=\"border: 1px solid #e6e6e6; padding: 14px; border-radius: 10px; margin-top: 14px;\">\n<p style=\"margin: 0;\"><strong>Fixity tipp:<\/strong><br \/>\nUtaz\u00e1s vagy \u00faj el\u0151fizet\u00e9s el\u0151tt mindig ellen\u0151rizd az eSIM t\u00e1mogat\u00e1st,<br \/>\n\u00edgy elker\u00fclheted a kompatibilit\u00e1si probl\u00e9m\u00e1kat \u00e9s felesleges k\u00f6lts\u00e9geket.<\/p>\n<\/div>\n<p style=\"font-size: 13px; color: #666; margin-top: 12px;\">Megjegyz\u00e9s: Az eSIM t\u00e1mogat\u00e1s k\u00e9sz\u00fcl\u00e9kt\u00edpusonk\u00e9nt \u00e9s r\u00e9gi\u00f3nk\u00e9nt elt\u00e9rhet.<\/p>\n<\/div>\n","protected":false},"excerpt":{"rendered":"<p>eSIM kompatibilit\u00e1s ellen\u0151rz\u00e9s \u2013 T\u00e1mogatja a telefonod az eSIM-et? Szeretn\u00e9d megtudni, hogy a k\u00e9sz\u00fcl\u00e9ked eSIM-kompatibilis-e? J\u00f3 helyen j\u00e1rsz! Az eSIM [&hellip;]<\/p>\n","protected":false},"featured_media":0,"comment_status":"open","ping_status":"closed","template":"","meta":{"site-sidebar-layout":"default","site-content-layout":"","ast-site-content-layout":"default","site-content-style":"default","site-sidebar-style":"default","ast-global-header-display":"","ast-banner-title-visibility":"","ast-main-header-display":"","ast-hfb-above-header-display":"","ast-hfb-below-header-display":"","ast-hfb-mobile-header-display":"","site-post-title":"","ast-breadcrumbs-content":"","ast-featured-img":"","footer-sml-layout":"","ast-disable-related-posts":"","theme-transparent-header-meta":"default","adv-header-id-meta":"","stick-header-meta":"","header-above-stick-meta":"","header-main-stick-meta":"","header-below-stick-meta":"","astra-migrate-meta-layouts":"set","ast-page-background-enabled":"default","ast-page-background-meta":{"desktop":{"background-color":"var(--ast-global-color-5)","background-image":"","background-repeat":"repeat","background-position":"center center","background-size":"auto","background-attachment":"scroll","background-type":"","background-media":"","overlay-type":"","overlay-color":"","overlay-opacity":"","overlay-gradient":""},"tablet":{"background-color":"","background-image":"","background-repeat":"repeat","background-position":"center center","background-size":"auto","background-attachment":"scroll","background-type":"","background-media":"","overlay-type":"","overlay-color":"","overlay-opacity":"","overlay-gradient":""},"mobile":{"background-color":"","background-image":"","background-repeat":"repeat","background-position":"center center","background-size":"auto","background-attachment":"scroll","background-type":"","background-media":"","overlay-type":"","overlay-color":"","overlay-opacity":"","overlay-gradient":""}},"ast-content-background-meta":{"desktop":{"background-color":"var(--ast-global-color-4)","background-image":"","background-repeat":"repeat","background-position":"center center","background-size":"auto","background-attachment":"scroll","background-type":"","background-media":"","overlay-type":"","overlay-color":"","overlay-opacity":"","overlay-gradient":""},"tablet":{"background-color":"var(--ast-global-color-4)","background-image":"","background-repeat":"repeat","background-position":"center center","background-size":"auto","background-attachment":"scroll","background-type":"","background-media":"","overlay-type":"","overlay-color":"","overlay-opacity":"","overlay-gradient":""},"mobile":{"background-color":"var(--ast-global-color-4)","background-image":"","background-repeat":"repeat","background-position":"center center","background-size":"auto","background-attachment":"scroll","background-type":"","background-media":"","overlay-type":"","overlay-color":"","overlay-opacity":"","overlay-gradient":""}}},"product_brand":[],"product_cat":[34],"product_tag":[],"class_list":{"0":"post-152","1":"product","2":"type-product","3":"status-publish","5":"product_cat-esim","6":"desktop-align-left","7":"tablet-align-left","8":"mobile-align-left","10":"first","11":"instock","12":"shipping-taxable","13":"purchasable","14":"product-type-simple"},"yoast_head":"<!-- This site is optimized with the Yoast SEO plugin v27.5 - https:\/\/yoast.com\/product\/yoast-seo-wordpress\/ -->\n<title>eSIM ellen\u0151rz\u00e9s - IMEI Ellen\u0151rz\u00e9s \u2013 Gyors, Pontos Inform\u00e1ci\u00f3<\/title>\n<meta name=\"description\" content=\"Ellen\u0151rizd k\u00e9sz\u00fcl\u00e9ked eSIM-t\u00e1mogat\u00e1s\u00e1t, aktiv\u00e1l\u00e1si \u00e1llapot\u00e1t \u00e9s r\u00e9gi\u00f3s kompatibilit\u00e1s\u00e1t. A Fixity eSIM Check percek alatt megmutatja, hogy telefonod alkalmas-e virtu\u00e1lis SIM haszn\u00e1lat\u00e1ra.\" \/>\n<meta name=\"robots\" content=\"index, follow, max-snippet:-1, max-image-preview:large, max-video-preview:-1\" \/>\n<link rel=\"canonical\" href=\"https:\/\/xn--imeiellenrzs-leb76l.hu\/?product=esim-ellenorzes\" \/>\n<meta property=\"og:locale\" content=\"hu_HU\" \/>\n<meta property=\"og:type\" content=\"article\" \/>\n<meta property=\"og:title\" content=\"eSIM ellen\u0151rz\u00e9s - IMEI Ellen\u0151rz\u00e9s \u2013 Gyors, Pontos Inform\u00e1ci\u00f3\" \/>\n<meta property=\"og:description\" content=\"Ellen\u0151rizd k\u00e9sz\u00fcl\u00e9ked eSIM-t\u00e1mogat\u00e1s\u00e1t, aktiv\u00e1l\u00e1si \u00e1llapot\u00e1t \u00e9s r\u00e9gi\u00f3s kompatibilit\u00e1s\u00e1t. A Fixity eSIM Check percek alatt megmutatja, hogy telefonod alkalmas-e virtu\u00e1lis SIM haszn\u00e1lat\u00e1ra.\" \/>\n<meta property=\"og:url\" content=\"https:\/\/xn--imeiellenrzs-leb76l.hu\/?product=esim-ellenorzes\" \/>\n<meta property=\"og:site_name\" content=\"IMEI Ellen\u0151rz\u00e9s \u2013 Gyors, Pontos Inform\u00e1ci\u00f3\" \/>\n<meta property=\"article:publisher\" content=\"https:\/\/www.facebook.com\/fixity.hu\" \/>\n<meta property=\"article:modified_time\" content=\"2026-04-17T18:37:51+00:00\" \/>\n<meta property=\"og:image\" content=\"https:\/\/xn--imeiellenrzs-leb76l.hu\/wp-content\/uploads\/2025\/12\/eSIM-ellenorzes.png\" \/>\n\t<meta property=\"og:image:width\" content=\"1024\" \/>\n\t<meta property=\"og:image:height\" content=\"1024\" \/>\n\t<meta property=\"og:image:type\" content=\"image\/png\" \/>\n<meta name=\"twitter:card\" content=\"summary_large_image\" \/>\n<meta name=\"twitter:label1\" content=\"Becs\u00fclt olvas\u00e1si id\u0151\" \/>\n\t<meta name=\"twitter:data1\" content=\"2 perc\" \/>\n<script type=\"application\/ld+json\" class=\"yoast-schema-graph\">{\"@context\":\"https:\\\/\\\/schema.org\",\"@graph\":[{\"@type\":\"WebPage\",\"@id\":\"https:\\\/\\\/xn--imeiellenrzs-leb76l.hu\\\/?product=esim-ellenorzes\",\"url\":\"https:\\\/\\\/xn--imeiellenrzs-leb76l.hu\\\/?product=esim-ellenorzes\",\"name\":\"eSIM ellen\u0151rz\u00e9s - IMEI Ellen\u0151rz\u00e9s \u2013 Gyors, Pontos Inform\u00e1ci\u00f3\",\"isPartOf\":{\"@id\":\"https:\\\/\\\/xn--imeiellenrzs-leb76l.hu\\\/#website\"},\"datePublished\":\"2025-12-07T13:57:09+00:00\",\"dateModified\":\"2026-04-17T18:37:51+00:00\",\"description\":\"Ellen\u0151rizd k\u00e9sz\u00fcl\u00e9ked eSIM-t\u00e1mogat\u00e1s\u00e1t, aktiv\u00e1l\u00e1si \u00e1llapot\u00e1t \u00e9s r\u00e9gi\u00f3s kompatibilit\u00e1s\u00e1t. A Fixity eSIM Check percek alatt megmutatja, hogy telefonod alkalmas-e virtu\u00e1lis SIM haszn\u00e1lat\u00e1ra.\",\"breadcrumb\":{\"@id\":\"https:\\\/\\\/xn--imeiellenrzs-leb76l.hu\\\/?product=esim-ellenorzes#breadcrumb\"},\"inLanguage\":\"hu\",\"potentialAction\":[{\"@type\":\"ReadAction\",\"target\":[\"https:\\\/\\\/xn--imeiellenrzs-leb76l.hu\\\/?product=esim-ellenorzes\"]}]},{\"@type\":\"BreadcrumbList\",\"@id\":\"https:\\\/\\\/xn--imeiellenrzs-leb76l.hu\\\/?product=esim-ellenorzes#breadcrumb\",\"itemListElement\":[{\"@type\":\"ListItem\",\"position\":1,\"name\":\"Kezd\u0151lap\",\"item\":\"https:\\\/\\\/xn--imeiellenrzs-leb76l.hu\\\/\"},{\"@type\":\"ListItem\",\"position\":2,\"name\":\"Term\u00e9kek\",\"item\":\"https:\\\/\\\/xn--imeiellenrzs-leb76l.hu\\\/?post_type=product\"},{\"@type\":\"ListItem\",\"position\":3,\"name\":\"eSIM ellen\u0151rz\u00e9s\"}]},{\"@type\":\"WebSite\",\"@id\":\"https:\\\/\\\/xn--imeiellenrzs-leb76l.hu\\\/#website\",\"url\":\"https:\\\/\\\/xn--imeiellenrzs-leb76l.hu\\\/\",\"name\":\"Imeiellen\u0151rz\u00e9s\",\"description\":\"Telefonod adatai IMEI alapj\u00e1n \u2013 gyors \u00e9s megb\u00edzhat\u00f3 ellen\u0151rz\u00e9s.\",\"potentialAction\":[{\"@type\":\"SearchAction\",\"target\":{\"@type\":\"EntryPoint\",\"urlTemplate\":\"https:\\\/\\\/xn--imeiellenrzs-leb76l.hu\\\/?s={search_term_string}\"},\"query-input\":{\"@type\":\"PropertyValueSpecification\",\"valueRequired\":true,\"valueName\":\"search_term_string\"}}],\"inLanguage\":\"hu\"}]}<\/script>\n<!-- \/ Yoast SEO plugin. -->","yoast_head_json":{"title":"eSIM ellen\u0151rz\u00e9s - IMEI Ellen\u0151rz\u00e9s \u2013 Gyors, Pontos Inform\u00e1ci\u00f3","description":"Ellen\u0151rizd k\u00e9sz\u00fcl\u00e9ked eSIM-t\u00e1mogat\u00e1s\u00e1t, aktiv\u00e1l\u00e1si \u00e1llapot\u00e1t \u00e9s r\u00e9gi\u00f3s kompatibilit\u00e1s\u00e1t. A Fixity eSIM Check percek alatt megmutatja, hogy telefonod alkalmas-e virtu\u00e1lis SIM haszn\u00e1lat\u00e1ra.","robots":{"index":"index","follow":"follow","max-snippet":"max-snippet:-1","max-image-preview":"max-image-preview:large","max-video-preview":"max-video-preview:-1"},"canonical":"https:\/\/xn--imeiellenrzs-leb76l.hu\/?product=esim-ellenorzes","og_locale":"hu_HU","og_type":"article","og_title":"eSIM ellen\u0151rz\u00e9s - IMEI Ellen\u0151rz\u00e9s \u2013 Gyors, Pontos Inform\u00e1ci\u00f3","og_description":"Ellen\u0151rizd k\u00e9sz\u00fcl\u00e9ked eSIM-t\u00e1mogat\u00e1s\u00e1t, aktiv\u00e1l\u00e1si \u00e1llapot\u00e1t \u00e9s r\u00e9gi\u00f3s kompatibilit\u00e1s\u00e1t. A Fixity eSIM Check percek alatt megmutatja, hogy telefonod alkalmas-e virtu\u00e1lis SIM haszn\u00e1lat\u00e1ra.","og_url":"https:\/\/xn--imeiellenrzs-leb76l.hu\/?product=esim-ellenorzes","og_site_name":"IMEI Ellen\u0151rz\u00e9s \u2013 Gyors, Pontos Inform\u00e1ci\u00f3","article_publisher":"https:\/\/www.facebook.com\/fixity.hu","article_modified_time":"2026-04-17T18:37:51+00:00","og_image":[{"width":1024,"height":1024,"url":"https:\/\/xn--imeiellenrzs-leb76l.hu\/wp-content\/uploads\/2025\/12\/eSIM-ellenorzes.png","type":"image\/png"}],"twitter_card":"summary_large_image","twitter_misc":{"Becs\u00fclt olvas\u00e1si id\u0151":"2 perc"},"schema":{"@context":"https:\/\/schema.org","@graph":[{"@type":"WebPage","@id":"https:\/\/xn--imeiellenrzs-leb76l.hu\/?product=esim-ellenorzes","url":"https:\/\/xn--imeiellenrzs-leb76l.hu\/?product=esim-ellenorzes","name":"eSIM ellen\u0151rz\u00e9s - IMEI Ellen\u0151rz\u00e9s \u2013 Gyors, Pontos Inform\u00e1ci\u00f3","isPartOf":{"@id":"https:\/\/xn--imeiellenrzs-leb76l.hu\/#website"},"datePublished":"2025-12-07T13:57:09+00:00","dateModified":"2026-04-17T18:37:51+00:00","description":"Ellen\u0151rizd k\u00e9sz\u00fcl\u00e9ked eSIM-t\u00e1mogat\u00e1s\u00e1t, aktiv\u00e1l\u00e1si \u00e1llapot\u00e1t \u00e9s r\u00e9gi\u00f3s kompatibilit\u00e1s\u00e1t. A Fixity eSIM Check percek alatt megmutatja, hogy telefonod alkalmas-e virtu\u00e1lis SIM haszn\u00e1lat\u00e1ra.","breadcrumb":{"@id":"https:\/\/xn--imeiellenrzs-leb76l.hu\/?product=esim-ellenorzes#breadcrumb"},"inLanguage":"hu","potentialAction":[{"@type":"ReadAction","target":["https:\/\/xn--imeiellenrzs-leb76l.hu\/?product=esim-ellenorzes"]}]},{"@type":"BreadcrumbList","@id":"https:\/\/xn--imeiellenrzs-leb76l.hu\/?product=esim-ellenorzes#breadcrumb","itemListElement":[{"@type":"ListItem","position":1,"name":"Kezd\u0151lap","item":"https:\/\/xn--imeiellenrzs-leb76l.hu\/"},{"@type":"ListItem","position":2,"name":"Term\u00e9kek","item":"https:\/\/xn--imeiellenrzs-leb76l.hu\/?post_type=product"},{"@type":"ListItem","position":3,"name":"eSIM ellen\u0151rz\u00e9s"}]},{"@type":"WebSite","@id":"https:\/\/xn--imeiellenrzs-leb76l.hu\/#website","url":"https:\/\/xn--imeiellenrzs-leb76l.hu\/","name":"Imeiellen\u0151rz\u00e9s","description":"Telefonod adatai IMEI alapj\u00e1n \u2013 gyors \u00e9s megb\u00edzhat\u00f3 ellen\u0151rz\u00e9s.","potentialAction":[{"@type":"SearchAction","target":{"@type":"EntryPoint","urlTemplate":"https:\/\/xn--imeiellenrzs-leb76l.hu\/?s={search_term_string}"},"query-input":{"@type":"PropertyValueSpecification","valueRequired":true,"valueName":"search_term_string"}}],"inLanguage":"hu"}]}},"_links":{"self":[{"href":"https:\/\/xn--imeiellenrzs-leb76l.hu\/index.php?rest_route=\/wp\/v2\/product\/152","targetHints":{"allow":["GET"]}}],"collection":[{"href":"https:\/\/xn--imeiellenrzs-leb76l.hu\/index.php?rest_route=\/wp\/v2\/product"}],"about":[{"href":"https:\/\/xn--imeiellenrzs-leb76l.hu\/index.php?rest_route=\/wp\/v2\/types\/product"}],"replies":[{"embeddable":true,"href":"https:\/\/xn--imeiellenrzs-leb76l.hu\/index.php?rest_route=%2Fwp%2Fv2%2Fcomments&post=152"}],"wp:attachment":[{"href":"https:\/\/xn--imeiellenrzs-leb76l.hu\/index.php?rest_route=%2Fwp%2Fv2%2Fmedia&parent=152"}],"wp:term":[{"taxonomy":"product_brand","embeddable":true,"href":"https:\/\/xn--imeiellenrzs-leb76l.hu\/index.php?rest_route=%2Fwp%2Fv2%2Fproduct_brand&post=152"},{"taxonomy":"product_cat","embeddable":true,"href":"https:\/\/xn--imeiellenrzs-leb76l.hu\/index.php?rest_route=%2Fwp%2Fv2%2Fproduct_cat&post=152"},{"taxonomy":"product_tag","embeddable":true,"href":"https:\/\/xn--imeiellenrzs-leb76l.hu\/index.php?rest_route=%2Fwp%2Fv2%2Fproduct_tag&post=152"}],"curies":[{"name":"wp","href":"https:\/\/api.w.org\/{rel}","templated":true}]}}