{"id":150,"date":"2025-12-07T13:54:20","date_gmt":"2025-12-07T13:54:20","guid":{"rendered":"https:\/\/xn--imeiellenrzs-leb76l.hu\/?post_type=product&#038;p=150"},"modified":"2026-04-17T18:40:34","modified_gmt":"2026-04-17T18:40:34","slug":"google-pixel-ellenorzes","status":"publish","type":"product","link":"https:\/\/xn--imeiellenrzs-leb76l.hu\/?product=google-pixel-ellenorzes","title":{"rendered":"Google Pixel ellen\u0151rz\u00e9s"},"content":{"rendered":"<p><!-- SEO adatok --><\/p>\n<div style=\"font-size: 14pt; line-height: 1.7;\">\n<h1>Google Pixel IMEI ellen\u0151rz\u00e9s \u2013 Garancia, sorozatsz\u00e1m \u00e9s k\u00e9sz\u00fcl\u00e9kinform\u00e1ci\u00f3k<\/h1>\n<p>J\u00f3 h\u00edr\u00fcnk van a <strong>Google Pixel<\/strong> felhaszn\u00e1l\u00f3k sz\u00e1m\u00e1ra!<br \/>\nA Fixity Pixel ellen\u0151rz\u0151 funkci\u00f3j\u00e1val most m\u00e9g egyszer\u0171bben \u00e9s gyorsabban<br \/>\njuthatsz hozz\u00e1 minden fontos inform\u00e1ci\u00f3hoz az okostelefonodr\u00f3l.<br \/>\nM\u00e1r az <strong>IMEI sz\u00e1m<\/strong> megad\u00e1s\u00e1val is r\u00e9szletes k\u00e9pet kaphatsz<br \/>\na k\u00e9sz\u00fcl\u00e9k eredet\u00e9r\u0151l, garanci\u00e1j\u00e1r\u00f3l \u00e9s azonos\u00edt\u00f3ir\u00f3l.<\/p>\n<p>Ak\u00e1r a jelenlegi Pixel telefonod adatait szeretn\u00e9d ellen\u0151rizni,<br \/>\nak\u00e1r <strong>haszn\u00e1lt Google Pixel k\u00e9sz\u00fcl\u00e9k v\u00e1s\u00e1rl\u00e1sa el\u0151tt \u00e1llsz<\/strong>,<br \/>\nez az ellen\u0151rz\u00e9s seg\u00edt abban, hogy minden l\u00e9nyeges inform\u00e1ci\u00f3<br \/>\negy helyen, \u00e1tl\u00e1that\u00f3 form\u00e1ban rendelkez\u00e9sedre \u00e1lljon.<\/p>\n<h2>Mit tudsz ellen\u0151rizni a Google Pixel ellen\u0151rz\u00e9ssel?<\/h2>\n<p>A Pixel ellen\u0151rz\u00e9s nem csup\u00e1n az alapadatokat mutatja meg,<br \/>\nhanem a k\u00e9sz\u00fcl\u00e9khez kapcsol\u00f3d\u00f3 legfontosabb garanci\u00e1lis<br \/>\n\u00e9s azonos\u00edt\u00e1si inform\u00e1ci\u00f3kat is.<\/p>\n<ul>\n<li><strong>M\u00e1rka \u00e9s modell<\/strong><\/li>\n<li><strong>Term\u00e9kle\u00edr\u00e1s<\/strong><\/li>\n<li><strong>\u00c9rt\u00e9kes\u00edt\u00e9si modell<\/strong><\/li>\n<li><strong>Modellsz\u00e1m<\/strong><\/li>\n<li><strong>Sorozatsz\u00e1m<\/strong><\/li>\n<li><strong>V\u00e1s\u00e1rl\u00e1s orsz\u00e1ga<\/strong><\/li>\n<li><strong>J\u00f3t\u00e1ll\u00e1si \u00e1llapot<\/strong><\/li>\n<li><strong>Garancia kezdete<\/strong><\/li>\n<li><strong>Garancia lej\u00e1rati d\u00e1tuma<\/strong><\/li>\n<li><strong>A k\u00e9sz\u00fcl\u00e9k becs\u00fclt kora<\/strong><\/li>\n<\/ul>\n<h2>Mi\u00e9rt hasznos a Google Pixel IMEI ellen\u0151rz\u00e9s?<\/h2>\n<p>Haszn\u00e1lt Pixel telefon v\u00e1s\u00e1rl\u00e1sakor k\u00fcl\u00f6n\u00f6sen fontos,<br \/>\nhogy a megadott adatok megfeleljenek a val\u00f3s\u00e1gnak.<br \/>\nAz IMEI-alap\u00fa ellen\u0151rz\u00e9s seg\u00edt kisz\u0171rni az<br \/>\n<strong>elt\u00e9r\u0151 modellmegjel\u00f6l\u00e9seket<\/strong>,<br \/>\n\u00e9s pontos k\u00e9pet ad a garancia \u00e9rv\u00e9nyess\u00e9g\u00e9r\u0151l is.<\/p>\n<ul>\n<li>Garancia \u00e9rv\u00e9nyess\u00e9g\u00e9nek gyors ellen\u0151rz\u00e9se<\/li>\n<li>A v\u00e1s\u00e1rl\u00e1s orsz\u00e1g\u00e1nak visszaellen\u0151rz\u00e9se<\/li>\n<li>A k\u00e9sz\u00fcl\u00e9k eredetis\u00e9g\u00e9nek meger\u0151s\u00edt\u00e9se<\/li>\n<li>Becs\u00fclt k\u00e9sz\u00fcl\u00e9kkor meg\u00e1llap\u00edt\u00e1sa<\/li>\n<\/ul>\n<h2>Hogyan ellen\u0151rizheted a Google Pixel k\u00e9sz\u00fcl\u00e9ked adatait?<\/h2>\n<ol>\n<li>K\u00e9sz\u00edtsd el\u0151 a Pixel telefonod <strong>IMEI sz\u00e1m\u00e1t<\/strong>.<\/li>\n<li>\u00cdrd be az IMEI-t az ellen\u0151rz\u0151 mez\u0151be.<\/li>\n<li>Ind\u00edtsd el az ellen\u0151rz\u00e9st.<\/li>\n<li>N\u00e9h\u00e1ny m\u00e1sodpercen bel\u00fcl megkapod a <strong>r\u00e9szletes Pixel inform\u00e1ci\u00f3kat<\/strong>.<\/li>\n<\/ol>\n<div style=\"border: 1px solid #e6e6e6; padding: 14px; border-radius: 10px; margin-top: 14px;\">\n<p style=\"margin: 0;\"><strong>Fixity tipp:<\/strong><br \/>\nHaszn\u00e1lt Google Pixel v\u00e1s\u00e1rl\u00e1sa el\u0151tt mindig ellen\u0151rizd<br \/>\na garancia kezdet\u00e9t \u00e9s lej\u00e1rat\u00e1t, valamint a v\u00e1s\u00e1rl\u00e1s orsz\u00e1g\u00e1t,<br \/>\n\u00edgy elker\u00fclhet\u0151k a f\u00e9lre\u00e9rt\u00e9sek \u00e9s kellemetlen meglepet\u00e9sek.<\/p>\n<\/div>\n<p style=\"font-size: 13px; color: #666; margin-top: 12px;\">Megjegyz\u00e9s: Az el\u00e9rhet\u0151 adatok Google Pixel modellenk\u00e9nt \u00e9s r\u00e9gi\u00f3nk\u00e9nt elt\u00e9rhetnek.<\/p>\n<\/div>\n","protected":false},"excerpt":{"rendered":"<p>Google Pixel IMEI ellen\u0151rz\u00e9s \u2013 Garancia, sorozatsz\u00e1m \u00e9s k\u00e9sz\u00fcl\u00e9kinform\u00e1ci\u00f3k J\u00f3 h\u00edr\u00fcnk van a Google Pixel felhaszn\u00e1l\u00f3k sz\u00e1m\u00e1ra! A Fixity Pixel [&hellip;]<\/p>\n","protected":false},"featured_media":0,"comment_status":"open","ping_status":"closed","template":"","meta":{"site-sidebar-layout":"default","site-content-layout":"","ast-site-content-layout":"default","site-content-style":"default","site-sidebar-style":"default","ast-global-header-display":"","ast-banner-title-visibility":"","ast-main-header-display":"","ast-hfb-above-header-display":"","ast-hfb-below-header-display":"","ast-hfb-mobile-header-display":"","site-post-title":"","ast-breadcrumbs-content":"","ast-featured-img":"","footer-sml-layout":"","ast-disable-related-posts":"","theme-transparent-header-meta":"default","adv-header-id-meta":"","stick-header-meta":"","header-above-stick-meta":"","header-main-stick-meta":"","header-below-stick-meta":"","astra-migrate-meta-layouts":"set","ast-page-background-enabled":"default","ast-page-background-meta":{"desktop":{"background-color":"var(--ast-global-color-5)","background-image":"","background-repeat":"repeat","background-position":"center center","background-size":"auto","background-attachment":"scroll","background-type":"","background-media":"","overlay-type":"","overlay-color":"","overlay-opacity":"","overlay-gradient":""},"tablet":{"background-color":"","background-image":"","background-repeat":"repeat","background-position":"center center","background-size":"auto","background-attachment":"scroll","background-type":"","background-media":"","overlay-type":"","overlay-color":"","overlay-opacity":"","overlay-gradient":""},"mobile":{"background-color":"","background-image":"","background-repeat":"repeat","background-position":"center center","background-size":"auto","background-attachment":"scroll","background-type":"","background-media":"","overlay-type":"","overlay-color":"","overlay-opacity":"","overlay-gradient":""}},"ast-content-background-meta":{"desktop":{"background-color":"var(--ast-global-color-4)","background-image":"","background-repeat":"repeat","background-position":"center center","background-size":"auto","background-attachment":"scroll","background-type":"","background-media":"","overlay-type":"","overlay-color":"","overlay-opacity":"","overlay-gradient":""},"tablet":{"background-color":"var(--ast-global-color-4)","background-image":"","background-repeat":"repeat","background-position":"center center","background-size":"auto","background-attachment":"scroll","background-type":"","background-media":"","overlay-type":"","overlay-color":"","overlay-opacity":"","overlay-gradient":""},"mobile":{"background-color":"var(--ast-global-color-4)","background-image":"","background-repeat":"repeat","background-position":"center center","background-size":"auto","background-attachment":"scroll","background-type":"","background-media":"","overlay-type":"","overlay-color":"","overlay-opacity":"","overlay-gradient":""}}},"product_brand":[],"product_cat":[32],"product_tag":[],"class_list":{"0":"post-150","1":"product","2":"type-product","3":"status-publish","5":"product_cat-google-pixel","6":"desktop-align-left","7":"tablet-align-left","8":"mobile-align-left","10":"first","11":"instock","12":"shipping-taxable","13":"purchasable","14":"product-type-simple"},"yoast_head":"<!-- This site is optimized with the Yoast SEO plugin v27.5 - https:\/\/yoast.com\/product\/yoast-seo-wordpress\/ -->\n<title>Google Pixel ellen\u0151rz\u00e9s - IMEI Ellen\u0151rz\u00e9s \u2013 Gyors, Pontos Inform\u00e1ci\u00f3<\/title>\n<meta name=\"description\" content=\"Ellen\u0151rizd Google Pixel k\u00e9sz\u00fcl\u00e9ked IMEI vagy sorozatsz\u00e1m alapj\u00e1n. Megmutatja a garanci\u00e1t, orsz\u00e1g-v\u00e1s\u00e1rl\u00e1st, h\u00e1l\u00f3zati st\u00e1tuszt \u00e9s f\u00fcggetlens\u00e9get \u2013 \u00edgy megel\u0151zheted a rejtett kock\u00e1zatokat.\" \/>\n<meta name=\"robots\" content=\"index, follow, max-snippet:-1, max-image-preview:large, max-video-preview:-1\" \/>\n<link rel=\"canonical\" href=\"https:\/\/xn--imeiellenrzs-leb76l.hu\/?product=google-pixel-ellenorzes\" \/>\n<meta property=\"og:locale\" content=\"hu_HU\" \/>\n<meta property=\"og:type\" content=\"article\" \/>\n<meta property=\"og:title\" content=\"Google Pixel ellen\u0151rz\u00e9s - IMEI Ellen\u0151rz\u00e9s \u2013 Gyors, Pontos Inform\u00e1ci\u00f3\" \/>\n<meta property=\"og:description\" content=\"Ellen\u0151rizd Google Pixel k\u00e9sz\u00fcl\u00e9ked IMEI vagy sorozatsz\u00e1m alapj\u00e1n. Megmutatja a garanci\u00e1t, orsz\u00e1g-v\u00e1s\u00e1rl\u00e1st, h\u00e1l\u00f3zati st\u00e1tuszt \u00e9s f\u00fcggetlens\u00e9get \u2013 \u00edgy megel\u0151zheted a rejtett kock\u00e1zatokat.\" \/>\n<meta property=\"og:url\" content=\"https:\/\/xn--imeiellenrzs-leb76l.hu\/?product=google-pixel-ellenorzes\" \/>\n<meta property=\"og:site_name\" content=\"IMEI Ellen\u0151rz\u00e9s \u2013 Gyors, Pontos Inform\u00e1ci\u00f3\" \/>\n<meta property=\"article:publisher\" content=\"https:\/\/www.facebook.com\/fixity.hu\" \/>\n<meta property=\"article:modified_time\" content=\"2026-04-17T18:40:34+00:00\" \/>\n<meta property=\"og:image\" content=\"https:\/\/xn--imeiellenrzs-leb76l.hu\/wp-content\/uploads\/2025\/12\/Google-Pixel-ellenorzes.png\" \/>\n\t<meta property=\"og:image:width\" content=\"1024\" \/>\n\t<meta property=\"og:image:height\" content=\"1536\" \/>\n\t<meta property=\"og:image:type\" content=\"image\/png\" \/>\n<meta name=\"twitter:card\" content=\"summary_large_image\" \/>\n<meta name=\"twitter:label1\" content=\"Becs\u00fclt olvas\u00e1si id\u0151\" \/>\n\t<meta name=\"twitter:data1\" content=\"2 perc\" \/>\n<script type=\"application\/ld+json\" class=\"yoast-schema-graph\">{\"@context\":\"https:\\\/\\\/schema.org\",\"@graph\":[{\"@type\":\"WebPage\",\"@id\":\"https:\\\/\\\/xn--imeiellenrzs-leb76l.hu\\\/?product=google-pixel-ellenorzes\",\"url\":\"https:\\\/\\\/xn--imeiellenrzs-leb76l.hu\\\/?product=google-pixel-ellenorzes\",\"name\":\"Google Pixel ellen\u0151rz\u00e9s - IMEI Ellen\u0151rz\u00e9s \u2013 Gyors, Pontos Inform\u00e1ci\u00f3\",\"isPartOf\":{\"@id\":\"https:\\\/\\\/xn--imeiellenrzs-leb76l.hu\\\/#website\"},\"datePublished\":\"2025-12-07T13:54:20+00:00\",\"dateModified\":\"2026-04-17T18:40:34+00:00\",\"description\":\"Ellen\u0151rizd Google Pixel k\u00e9sz\u00fcl\u00e9ked IMEI vagy sorozatsz\u00e1m alapj\u00e1n. Megmutatja a garanci\u00e1t, orsz\u00e1g-v\u00e1s\u00e1rl\u00e1st, h\u00e1l\u00f3zati st\u00e1tuszt \u00e9s f\u00fcggetlens\u00e9get \u2013 \u00edgy megel\u0151zheted a rejtett kock\u00e1zatokat.\",\"breadcrumb\":{\"@id\":\"https:\\\/\\\/xn--imeiellenrzs-leb76l.hu\\\/?product=google-pixel-ellenorzes#breadcrumb\"},\"inLanguage\":\"hu\",\"potentialAction\":[{\"@type\":\"ReadAction\",\"target\":[\"https:\\\/\\\/xn--imeiellenrzs-leb76l.hu\\\/?product=google-pixel-ellenorzes\"]}]},{\"@type\":\"BreadcrumbList\",\"@id\":\"https:\\\/\\\/xn--imeiellenrzs-leb76l.hu\\\/?product=google-pixel-ellenorzes#breadcrumb\",\"itemListElement\":[{\"@type\":\"ListItem\",\"position\":1,\"name\":\"Kezd\u0151lap\",\"item\":\"https:\\\/\\\/xn--imeiellenrzs-leb76l.hu\\\/\"},{\"@type\":\"ListItem\",\"position\":2,\"name\":\"Term\u00e9kek\",\"item\":\"https:\\\/\\\/xn--imeiellenrzs-leb76l.hu\\\/?post_type=product\"},{\"@type\":\"ListItem\",\"position\":3,\"name\":\"Google Pixel ellen\u0151rz\u00e9s\"}]},{\"@type\":\"WebSite\",\"@id\":\"https:\\\/\\\/xn--imeiellenrzs-leb76l.hu\\\/#website\",\"url\":\"https:\\\/\\\/xn--imeiellenrzs-leb76l.hu\\\/\",\"name\":\"Imeiellen\u0151rz\u00e9s\",\"description\":\"Telefonod adatai IMEI alapj\u00e1n \u2013 gyors \u00e9s megb\u00edzhat\u00f3 ellen\u0151rz\u00e9s.\",\"potentialAction\":[{\"@type\":\"SearchAction\",\"target\":{\"@type\":\"EntryPoint\",\"urlTemplate\":\"https:\\\/\\\/xn--imeiellenrzs-leb76l.hu\\\/?s={search_term_string}\"},\"query-input\":{\"@type\":\"PropertyValueSpecification\",\"valueRequired\":true,\"valueName\":\"search_term_string\"}}],\"inLanguage\":\"hu\"}]}<\/script>\n<!-- \/ Yoast SEO plugin. -->","yoast_head_json":{"title":"Google Pixel ellen\u0151rz\u00e9s - IMEI Ellen\u0151rz\u00e9s \u2013 Gyors, Pontos Inform\u00e1ci\u00f3","description":"Ellen\u0151rizd Google Pixel k\u00e9sz\u00fcl\u00e9ked IMEI vagy sorozatsz\u00e1m alapj\u00e1n. Megmutatja a garanci\u00e1t, orsz\u00e1g-v\u00e1s\u00e1rl\u00e1st, h\u00e1l\u00f3zati st\u00e1tuszt \u00e9s f\u00fcggetlens\u00e9get \u2013 \u00edgy megel\u0151zheted a rejtett kock\u00e1zatokat.","robots":{"index":"index","follow":"follow","max-snippet":"max-snippet:-1","max-image-preview":"max-image-preview:large","max-video-preview":"max-video-preview:-1"},"canonical":"https:\/\/xn--imeiellenrzs-leb76l.hu\/?product=google-pixel-ellenorzes","og_locale":"hu_HU","og_type":"article","og_title":"Google Pixel ellen\u0151rz\u00e9s - IMEI Ellen\u0151rz\u00e9s \u2013 Gyors, Pontos Inform\u00e1ci\u00f3","og_description":"Ellen\u0151rizd Google Pixel k\u00e9sz\u00fcl\u00e9ked IMEI vagy sorozatsz\u00e1m alapj\u00e1n. Megmutatja a garanci\u00e1t, orsz\u00e1g-v\u00e1s\u00e1rl\u00e1st, h\u00e1l\u00f3zati st\u00e1tuszt \u00e9s f\u00fcggetlens\u00e9get \u2013 \u00edgy megel\u0151zheted a rejtett kock\u00e1zatokat.","og_url":"https:\/\/xn--imeiellenrzs-leb76l.hu\/?product=google-pixel-ellenorzes","og_site_name":"IMEI Ellen\u0151rz\u00e9s \u2013 Gyors, Pontos Inform\u00e1ci\u00f3","article_publisher":"https:\/\/www.facebook.com\/fixity.hu","article_modified_time":"2026-04-17T18:40:34+00:00","og_image":[{"width":1024,"height":1536,"url":"https:\/\/xn--imeiellenrzs-leb76l.hu\/wp-content\/uploads\/2025\/12\/Google-Pixel-ellenorzes.png","type":"image\/png"}],"twitter_card":"summary_large_image","twitter_misc":{"Becs\u00fclt olvas\u00e1si id\u0151":"2 perc"},"schema":{"@context":"https:\/\/schema.org","@graph":[{"@type":"WebPage","@id":"https:\/\/xn--imeiellenrzs-leb76l.hu\/?product=google-pixel-ellenorzes","url":"https:\/\/xn--imeiellenrzs-leb76l.hu\/?product=google-pixel-ellenorzes","name":"Google Pixel ellen\u0151rz\u00e9s - IMEI Ellen\u0151rz\u00e9s \u2013 Gyors, Pontos Inform\u00e1ci\u00f3","isPartOf":{"@id":"https:\/\/xn--imeiellenrzs-leb76l.hu\/#website"},"datePublished":"2025-12-07T13:54:20+00:00","dateModified":"2026-04-17T18:40:34+00:00","description":"Ellen\u0151rizd Google Pixel k\u00e9sz\u00fcl\u00e9ked IMEI vagy sorozatsz\u00e1m alapj\u00e1n. Megmutatja a garanci\u00e1t, orsz\u00e1g-v\u00e1s\u00e1rl\u00e1st, h\u00e1l\u00f3zati st\u00e1tuszt \u00e9s f\u00fcggetlens\u00e9get \u2013 \u00edgy megel\u0151zheted a rejtett kock\u00e1zatokat.","breadcrumb":{"@id":"https:\/\/xn--imeiellenrzs-leb76l.hu\/?product=google-pixel-ellenorzes#breadcrumb"},"inLanguage":"hu","potentialAction":[{"@type":"ReadAction","target":["https:\/\/xn--imeiellenrzs-leb76l.hu\/?product=google-pixel-ellenorzes"]}]},{"@type":"BreadcrumbList","@id":"https:\/\/xn--imeiellenrzs-leb76l.hu\/?product=google-pixel-ellenorzes#breadcrumb","itemListElement":[{"@type":"ListItem","position":1,"name":"Kezd\u0151lap","item":"https:\/\/xn--imeiellenrzs-leb76l.hu\/"},{"@type":"ListItem","position":2,"name":"Term\u00e9kek","item":"https:\/\/xn--imeiellenrzs-leb76l.hu\/?post_type=product"},{"@type":"ListItem","position":3,"name":"Google Pixel ellen\u0151rz\u00e9s"}]},{"@type":"WebSite","@id":"https:\/\/xn--imeiellenrzs-leb76l.hu\/#website","url":"https:\/\/xn--imeiellenrzs-leb76l.hu\/","name":"Imeiellen\u0151rz\u00e9s","description":"Telefonod adatai IMEI alapj\u00e1n \u2013 gyors \u00e9s megb\u00edzhat\u00f3 ellen\u0151rz\u00e9s.","potentialAction":[{"@type":"SearchAction","target":{"@type":"EntryPoint","urlTemplate":"https:\/\/xn--imeiellenrzs-leb76l.hu\/?s={search_term_string}"},"query-input":{"@type":"PropertyValueSpecification","valueRequired":true,"valueName":"search_term_string"}}],"inLanguage":"hu"}]}},"_links":{"self":[{"href":"https:\/\/xn--imeiellenrzs-leb76l.hu\/index.php?rest_route=\/wp\/v2\/product\/150","targetHints":{"allow":["GET"]}}],"collection":[{"href":"https:\/\/xn--imeiellenrzs-leb76l.hu\/index.php?rest_route=\/wp\/v2\/product"}],"about":[{"href":"https:\/\/xn--imeiellenrzs-leb76l.hu\/index.php?rest_route=\/wp\/v2\/types\/product"}],"replies":[{"embeddable":true,"href":"https:\/\/xn--imeiellenrzs-leb76l.hu\/index.php?rest_route=%2Fwp%2Fv2%2Fcomments&post=150"}],"wp:attachment":[{"href":"https:\/\/xn--imeiellenrzs-leb76l.hu\/index.php?rest_route=%2Fwp%2Fv2%2Fmedia&parent=150"}],"wp:term":[{"taxonomy":"product_brand","embeddable":true,"href":"https:\/\/xn--imeiellenrzs-leb76l.hu\/index.php?rest_route=%2Fwp%2Fv2%2Fproduct_brand&post=150"},{"taxonomy":"product_cat","embeddable":true,"href":"https:\/\/xn--imeiellenrzs-leb76l.hu\/index.php?rest_route=%2Fwp%2Fv2%2Fproduct_cat&post=150"},{"taxonomy":"product_tag","embeddable":true,"href":"https:\/\/xn--imeiellenrzs-leb76l.hu\/index.php?rest_route=%2Fwp%2Fv2%2Fproduct_tag&post=150"}],"curies":[{"name":"wp","href":"https:\/\/api.w.org\/{rel}","templated":true}]}}